pose -3*r + 102950 = 4*o, 0 = -8*o + 13*o + r - 128704. What are the prime factors of o?
2, 61, 211
Let q be (30/(-18))/(2/36). Let c(b) = b**2 + 28*b + 39. List the prime factors of c(q).
3, 11
Let i be 6 + (3 - 10/5). Suppose 2*m + 4*g = -0*m - 6, -5*m - 2*g - i = 0. What are the prime factors of (m/(-2))/((-3)/(-132))?
2, 11
Let x(c) = -2*c**2 + 9*c - 11. Let v be ((-10)/25)/((-2)/30). Let s be x(v). Let m = s - -62. What are the prime factors of m?
3, 11
Suppose -2*k - 5*v = -8022, -20001 = -5*k + 7*v - 6*v. List the prime factors of k.
4001
Suppose -550*j + 10 = -552*j. What are the prime factors of ((-85)/3)/j*(138 - -3)?
17, 47
Suppose -2*v - 4*u = -7*u, 0 = -5*v - u - 17. List the prime factors of 79 + 18 - 4/6*v.
3, 11
Suppose 0 = 4*i - 229 - 959. Let k be 36/45 - 498/(-15). Let y = i - k. What are the prime factors of y?
263
Let a(f) = -3188*f**3 - 17*f**2 - 46*f - 33. List the prime factors of a(-2).
5, 5099
Suppose -112*j + 10*j = 140*j - 8704740. List the prime factors of j.
2, 3, 5, 11, 109
Suppose 3283660 + 4072206 = 150*k - 5469884. List the prime factors of k.
5, 7, 349
Suppose 0 = 2*l - 5*l + 6, 3*l = 5*i + 616. Let z = i + 640. Suppose -5*o + z = 5*c + 83, -2*o + 139 = -5*c. List the prime factors of o.
2, 41
Let i = 37984 + -23544. What are the prime factors of i?
2, 5, 19
Let h = 23907 - 11686. List the prime factors of h.
11, 101
Let w be 0/(5/((-10)/(-8))). Suppose w = -4*t - 70 + 594. Suppose 5*q = 2*g + 97 + 130, 3*q = -4*g + t. What are the prime factors of q?
3, 5
Let d(v) = -15*v - 12. Let m(k) = k**3 + 2*k**2 - 4*k - 2. Let n be m(-3). Suppose 0 = 4*h + 3*t - 0*t + n, 0 = 3*h - 2*t + 22. List the prime factors of d(h).
2, 3
Suppose 1 + 3 = 2*l. Suppose -c = -y + 3, -2*c - 2 = -y + l. Suppose -y*p + 0*p = -148. What are the prime factors of p?
2, 37
Let o(h) = 6*h**2 + 3*h + 24. Suppose -12*r + 7*r + 5 = 0. Let x(n) = n**2 + n. Let f(z) = r*o(z) - 5*x(z). What are the prime factors of f(0)?
2, 3
Suppose -z + 5*z - 5 = 3*w, -2*z - 1 = -5*w. Suppose 3*u = -2*l + w, -5*l = -10*l - 2*u + 8. List the prime factors of (238/4 - l)*2.
5, 23
Suppose 3*l - 2 = 2*l. Suppose 0*q = 2*q - l*k - 22, 25 = -5*k. Suppose q*b = -7*b + 1300. What are the prime factors of b?
2, 5
Suppose -3*k = -17*k + 658. Let c = 328 - k. List the prime factors of c.
281
Let n(s) = -1423*s**3 + 2*s**2 - 90*s - 287. What are the prime factors of n(-3)?
2, 19211
Let x(t) = 56*t**2 + 5*t + 54. Let i be x(13). List the prime factors of i/10 + 33/(-110).
2, 479
Suppose 4*v + 50500 = 4*m, 12*m - 5*v + 50518 = 16*m. List the prime factors of m.
3, 23, 61
Let s = 39 - 33. Suppose 0 = -q - 4*g + 80, -s = 5*g + 4. What are the prime factors of q?
2, 11
Let o(m) = 5*m**3 - 18*m**2 - 120*m + 2045. What are the prime factors of o(25)?
2, 5, 103
Let v(f) = 3*f**3 + 65*f**2 - 151*f - 73. Let q(l) = -4*l**3 - 98*l**2 + 227*l + 109. Let p(t) = 5*q(t) + 7*v(t). List the prime factors of p(33).
2, 5, 43
Let j be (-2117)/(-13) - 18/(-117). Suppose j = 19*u - 388. List the prime factors of u.
29
Let n be 2 + 4 - (310 + 5). Let o = -182 - n. List the prime factors of o.
127
Suppose 0 = 8*l - 600 - 632. Suppose l = 9*x - 836. What are the prime factors of x?
2, 5, 11
Let m = -3140 - -5731. Suppose 2683 = 9*l - m. What are the prime factors of l?
2, 293
What are the prime factors of (25 - 13) + -10 - -29788?
2, 3, 5, 331
Suppose 0 = -2*j + 136 - 40. Suppose -6*k + 3*k + j = 0. List the prime factors of 6 + ((-1)/2)/(4/k).
2
Suppose 5*t - 5*l = 217040, 4*l + 217037 = -2832*t + 2837*t. List the prime factors of t.
5, 8681
Suppose -2*j = 11*x - 6*x - 16555, j = -4*x + 13244. List the prime factors of x.
7, 11, 43
Let m = -3832 - -8604. What are the prime factors of m?
2, 1193
Suppose -10 = -t + 2*m, 2*m - 4 = 3*m. Suppose 5*u - 757 = -4*i, t*i + 42 + 101 = u. List the prime factors of u.
149
Let h be 14/4*(-48)/(-84). Suppose -h*l + 531 + 469 = 0. What are the prime factors of l?
2, 5
Let x(q) = -q**2 + 10*q - 9. Let f be x(9). Suppose -21*m + 6007 + 1931 = f. What are the prime factors of m?
2, 3, 7
Suppose 0*i = -5*k + 3*i + 69376, -2*k + 27754 = -3*i. What are the prime factors of k?
2, 7, 991
Let k(n) = n**3 + 19*n**2 - 10*n + 49. Let a be k(-20). Let i = a + 795. List the prime factors of i.
2, 7, 23
Suppose 0 = 7*w - 49908 - 60986. List the prime factors of w.
2, 89
Suppose 5*y - 45 = -2*k - 2*k, y = 5. Suppose -1 = b, x = -k*b + b - 410. Let g = x + 622. List the prime factors of g.
2, 3
Let p = -99 - -97. Let s(n) = 197*n**2 - 8*n - 13. List the prime factors of s(p).
7, 113
Let r(x) be the second derivative of -8*x**4 + x**3/2 - 3*x**2/2 - 18*x. Let z be r(1). Let f = -20 - z. List the prime factors of f.
2, 19
Suppose -2*u - 56 = -4*u + 5*t, -4*t = 8. Let h(y) = -y + 3*y + 10 - u*y. What are the prime factors of h(-3)?
73
Let d = 283 + -312. Let g = 90 - d. What are the prime factors of g?
7, 17
Let m(u) = -13*u**2 + 8*u - 46. Let n(w) = 14*w**2 - 9*w + 47. Let o(x) = 7*m(x) + 6*n(x). Let k be o(12). List the prime factors of 4 - 0 - k/(1 + 3).
2, 5, 13
Suppose -9*i - 6 - 3 = 0. What are the prime factors of i/((-2)/132)*(-4)/(-8)?
3, 11
Let m be ((-5 + 3)*-34)/2. Let p = -40 + m. What are the prime factors of 85*(-2)/(-4)*p/(-3)?
5, 17
Suppose -5 = 4*z + 3*x, 4*z + 7*x = 2*x + 5. Let b be 2/9 + (-8)/36 + 1. List the prime factors of ((-2675)/z)/5*b.
107
Let f = 4548 - -7699. List the prime factors of f.
37, 331
Let s(p) = -19073*p + 726. List the prime factors of s(-2).
2, 43, 113
Let d = 252 + -608. Let k = 585 + d. Let r = -99 + k. What are the prime factors of r?
2, 5, 13
What are the prime factors of -1*(148787/46)/((-1)/2)?
6469
Let u = -2852 - -11201. What are the prime factors of u?
3, 11, 23
Let q be (-2)/(-4)*0 + -4. List the prime factors of 34*1/q*-14.
7, 17
Suppose -5*a + 12 = 4*z, 5*z - a - 1 = -15. Let m be (3/z)/(12/(-40)). Suppose h - 59 = m*j - 13, 3*h = 3*j + 114. What are the prime factors of h?
2, 3
Let i(q) = 2821*q**2 - 42*q + 92. List the prime factors of i(2).
2, 3, 941
Suppose -41 = g - 536. List the prime factors of (g - (-4 - -4)) + (0 - 2).
17, 29
Suppose 0 = s - 3*d + 22 - 4, 0 = 2*s - d + 46. Let p = s - -33. List the prime factors of 21*((-24)/p)/(-2).
2, 7
Let h(u) = 104*u**2 + 2*u. Let z be ((-8)/6*1)/(26/(-39)). Let y be h(z). Suppose -2*f = -6*f + y. List the prime factors of f.
3, 5, 7
Let i(q) = 6610*q - 6279. List the prime factors of i(6).
3, 3709
Suppose 2*v = 3*q + 19959, 20984 = -4*v - 5*q + 60935. List the prime factors of v.
2, 3, 13
Let s be (-4 + -2)*(-1 + (-2)/(-3)). Let b be (-112)/(-48) - s/6. What are the prime factors of 1803/12 + (-18)/8 + b?
2, 3, 5
Let f(d) = -28*d - 59. Let r be f(-8). Let a = r - 73. What are the prime factors of a - 1 - ((-18)/3 + 4)?
3, 31
Let d be (4 + -3)*(5 - 0) - 3. Suppose 4*z = d*z - 5*n + 73, 0 = -n + 5. What are the prime factors of z/15*(-375)/(-10)?
2, 3, 5
Suppose -4*j + 157 = 53. Suppose -3*x = 4*f - 3*f + 14, -5*x - 3*f = j. What are the prime factors of (62/(-4))/((-3)/(-120)*x)?
5, 31
Let a = 13199 + -5601. What are the prime factors of a?
2, 29, 131
Let b be (-161790)/(-21) - 14/49. Suppose 1668 = -12*r + b. What are the prime factors of r?
503
Let h be (7/14*-2877)/((-6)/32). Suppose 5*g = -2*k + h, 3*g = -5*k + 1853 + 2754. List the prime factors of g.
2, 13, 59
Let m be (-4)/(-1) - (-4 - -1). Let f(z) = -z**3 + 7*z**2 - 6*z - 20. Let y be f(m). Let v = -18 - y. List the prime factors of v.
2, 11
Let d = -35 - -43. Suppose -70 - d = -13*n. Suppose -4*u - 3*k = -405, -u - n*k + 100 = -4*k. What are the prime factors of u?
2, 3, 17
Let m = 56825 - 29278. List the prime factors of m.
13, 163
Let a be 0 - (596/(-10) - (-87)/145). Suppose -a*j + 57*j = -1512. List the prime factors of j.
2, 3, 7
Let b(i) = -i - 3. Let a be b(-13). Suppose 0 = -n - 4*n + a. Suppose -2*j + 52 = n*c, -3*c = 3*j - 7*j + 139. What are the prime factors of j?
31
Suppose -11*s - 41552 - 402250 = -45*s. List the prime factors of s.
3, 19, 229
Let r = -690 + 689. What are the prime factors of (r + 988/20)/((-11)/(-165))?
2, 3, 11
Suppose -12 - 8 = 2*l. Suppose 5*r = 153 - 53. Let a = l + r. What are the prime factors of a?
2, 5
Suppose -5*h = -5*a + 2855, 5*h - 4*a = -3*a - 2839. Let r = h + 1439. Wha